n divisor of b and 2709.
9
Let s(c) = -56*c + 2453. Let p be s(35). What is the greatest common factor of p and 29?
29
Let s be -83 - -74 - (-665)/1. Suppose 4*k - 58 = 106. What is the highest common factor of s and k?
41
Let x be (-7)/49 + 338/14. Suppose -4*n - 5 + 13 = 0. Suppose -8 = n*c - 20. What is the greatest common divisor of x and c?
6
Let d(k) = -19*k + 241. Let c be d(9). Suppose 0 = 4*y - c + 18. Calculate the highest common factor of 26 and y.
13
Let w = -65 + 39. Let o = 53 - w. Let s = 38 + o. What is the highest common factor of 13 and s?
13
Let j be 4*(-3)/30*5*(-2 - 1622). Calculate the highest common divisor of j and 87.
29
Suppose 4*j + 4 = 0, 2194 + 157 = 4*l + j. Let r = l + -163. Calculate the highest common divisor of 17 and r.
17
Suppose 0 = -5*n + 2*u + 4890, 0 = -n - 4*u + 1274 - 318. What is the highest common divisor of n and 183?
61
Let v(p) = -p**3 - 2*p**2 + 366*p + 187. Let n be v(0). Suppose 7*i - 4*i = 165. Calculate the highest common divisor of i and n.
11
Let u(j) = 12*j**2 + 10*j + 83. Let h = -262 + 256. Let c be u(h). What is the highest common factor of c and 35?
35
Suppose 4*w - 120 = 3*a, -119 = -5*w - 423*a + 419*a. Calculate the greatest common factor of w and 1512.
27
Let d = -32067 + 32097. Let g be ((-6)/4)/(2/(-8)). What is the highest common divisor of d and g?
6
Let f(n) = n**2 - n + 8. Let v be f(0). Suppose 0 = -2*o - 0. Suppose o = 11*r + 6*r - 408. What is the greatest common divisor of v and r?
8
Suppose -4*p = -p - 261. Calculate the highest common divisor of 1392 and p.
87
Let r(k) = -k**3 - k**2 + 20. Let n be r(0). Suppose 5*p = -2*q + 508, -8 = q - 12. Calculate the highest common divisor of p and n.
20
Let m(r) = 21*r - 191. Let g = -212 + 247. Let n be m(g). Calculate the highest common factor of 68 and n.
68
Suppose 76*n - 6031 - 1873 = 0. Calculate the highest common divisor of n and 2678.
26
Let w be (6/24)/((-6)/(-48)). Suppose 3*x = -3*q, q - 2*x - 8 = -w. What is the highest common factor of 38 and q?
2
Let b be 2 + 4/(-3) + 67/3. Suppose -28*g + b*g = -20. Suppose -g*m = -105 - 7. Calculate the greatest common divisor of m and 196.
28
Let p = -11697 - -11709. Calculate the highest common factor of 3804 and p.
12
Let t(u) = u**2 - 9*u - 15. Let d be t(11). Let p(v) = v**3 - 8*v**2 + 12*v - 32. Let b be p(d). Calculate the highest common factor of 60 and b.
3
Suppose -24*c + 261 = 933. Let f be 2/(16/60*(-6)/c). Calculate the greatest common factor of 21 and f.
7
Suppose 3*o = -4*m + 10411, 3*o - 3*m - 6918 = o. Suppose 11*v = -0*v + o. What is the greatest common divisor of v and 35?
35
Let d = 173 - 169. Suppose 0 = -d*m, -8*h + 3*h = -m - 1410. Calculate the highest common factor of h and 12.
6
Let y(t) = 277 - 492 - t + 361. Let r be y(23). What is the highest common divisor of 3 and r?
3
Let c(t) = -t**3 + 7*t**2 - t + 10. Let z be ((-3)/6 - 6/(-4)) + 13. Suppose 0 = 12*w - z*w + 10. Let m be c(w). What is the greatest common factor of m and 22?
11
Let c = 11732 + -8120. Calculate the greatest common factor of 252 and c.
84
Let z be (-1 + 4 + 1)*((25 - 12) + 10). What is the greatest common factor of 11500 and z?
92
Let x = -4672 - -14914. What is the greatest common factor of 18 and x?
18
Suppose 5*i + c = 145, -10*i + 2*c + 46 = -8*i. Calculate the greatest common divisor of i and 6356.
28
Let r be 15/18*(-16)/56*-19509. What is the greatest common factor of 35 and r?
5
Suppose -t + 3*v + 22 = 0, -3*t - 171*v + 46 = -170*v. What is the greatest common factor of t and 1032?
8
Suppose 4*p = 20, 0*p + 9 = -2*n + 5*p. Suppose 6*q - n*q = 0. Suppose 4*b - 11 - 49 = q. Calculate the greatest common factor of b and 60.
15
Suppose 2*m = -5*a + 130, 13*m + 71 = 2*a + 10*m. Let u(i) = -i**2 + 6*i + 7. Let p be u(6). What is the highest common divisor of a and p?
7
Let z(h) = h + 2. Let j be z(10). Let r(b) = b**2 - 14*b + 5. Let d be r(11). Let a = d - -31. Calculate the greatest common factor of a and j.
3
Let r = -627 - -629. Let g be 1766/7 - r*8/56. Calculate the highest common divisor of g and 21.
21
Let j(s) = 564*s - 5630. Let u be j(10). Suppose 0 = 4*v + 30 - 10, -70 = -b + 5*v. What is the greatest common divisor of u and b?
5
Suppose -69*j + 159*j = 2430. Let f(u) = 25*u**2 + 3*u - 1. Let n be f(-4). Calculate the greatest common factor of j and n.
9
Let c be (6 - 5)*2*-1. Let l be (17 - 7)/(c/(-3)). Let h(b) = b**3 - 15*b**2 + 2*b - 19. Let k be h(l). Calculate the greatest common factor of 11 and k.
11
Let h be (-4633 - (4 + -6))/(1*-1). Suppose h = -3*q - 4153. Let r be q/(-15) + 1*(-1)/5. What is the greatest common factor of r and 78?
39
Let v = 47613 + -47078. What is the highest common divisor of 8881 and v?
107
Suppose 7*h = -2*h - h + 210. Calculate the greatest common divisor of h and 345.
3
Let o = -27 + 66. Let i(u) = -2*u**3 + 19*u**2 - 9*u + 5. Let n be i(9). Suppose -n*m + 266 + 1099 = 0. What is the greatest common divisor of o and m?
39
Suppose 5*k + 11 = -4*p - 9, -4*k = -2*p - 10. Suppose k = 11*y - 69 + 3. Suppose 1323 = -3*q + y*q. Calculate the highest common factor of q and 49.
49
Let h = -45 - -40. Let d be ((-357)/6)/(1*h/10). Suppose -f = 2*c - 84, -4*f + d + 217 = c. Calculate the highest common divisor of 12 and f.
12
Suppose -5*q + 31 = -29. Suppose 4*p + 34 - 787 = 5*n, -p - 2*n = -198. What is the highest common divisor of q and p?
12
Let n be (-120)/96 + (-58159)/(-76). What is the highest common factor of n and 52?
4
Let f(m) = m + 2. Let g be f(14). Let p = -19 + 74. Let y = p + -39. What is the highest common factor of y and g?
16
Suppose -p + 1288 = -2*k, 5*p - 5*k - 6382 = 38. Calculate the highest common factor of 2816 and p.
256
Suppose -23*g + 610 + 3190 = 764. Calculate the highest common factor of 2156 and g.
44
Let a(t) = 0*t - 5*t - 8 + 5*t - 2*t. Let f be a(-7). Let u(k) = 4*k + 28. Let d be u(2). Calculate the highest common factor of f and d.
6
Let f(p) = 10*p**3 - 4*p**2 - 13*p - 3. Let v be f(6). Calculate the highest common factor of v and 45.
45
Suppose 635*n - 619*n - 409760 = 0. What is the greatest common divisor of 130 and n?
130
Suppose 0 = 22*i - 28*i + 30. Suppose 2*n - 4*z + 6*z = 68, -3*n = -i*z - 110. What is the highest common factor of n and 105?
35
Suppose -i + 2*i = -270. Let u = 460 + i. What is the greatest common divisor of 152 and u?
38
Let j(f) = f**3 - 47*f**2 + 249*f - 78. Let u be j(41). Let k(y) = y**2 + 105. Let t be k(0). Calculate the highest common factor of u and t.
15
Let p(a) = -16*a + 2. Let k be p(0). Suppose k*s - 4*m - 90 = 0, 5*m = -s - 0*m + 10. What is the greatest common divisor of s and 35?
35
Let q(x) = 8*x - 53. Let s be q(7). Suppose -2*v - 4 = 0, -s*v = -4*t + 2*v + 22. What is the greatest common divisor of 15 and t?
3
Let u(a) = -3*a**2 - 50*a - 12. Let b be u(-8). Suppose b - 16 = 4*n. What is the greatest common factor of 495 and n?
45
Let x be (0 - 1)/((-16)/5632). What is the greatest common factor of x and 256?
32
Let g = 5724 + -5575. Calculate the greatest common factor of 27267 and g.
149
Let d be 472/5 - (-4 - (-44)/10). Let u be (-11)/(-3)*(d + -13). Suppose -6*o = -8*o + 54. What is the highest common divisor of u and o?
27
Let g be (9/(-6) - (-618)/36)*15. Suppose -q + 2*q = 94. Calculate the highest common divisor of q and g.
47
Let b(p) = p**2 + 14*p - 47. Let t be b(-16). Let y = 18 + t. Suppose 0 = -y*o - 95 + 104. What is the greatest common factor of o and 33?
3
Let u(n) = -n**2 + 6*n + 15. Let p be u(-3). Let q = p + 556. Suppose 2*i - i - 4*t = q, -2*t - 1064 = -2*i. Calculate the greatest common factor of i and 48.
48
Suppose 2*n - 1047 = -359. Let j = 362 - n. Calculate the highest common factor of j and 6.
6
Suppose 36*c - 559 = -7*c + 215. Suppose -4*r = f + r + 21, f = 5*r - 71. Let g be f/(-8) - 4/(-16). What is the highest common factor of g and c?
6
Suppose -63 = -c - 5*q, 9*q - 7*q - 4 = 0. Let d = 223 - c. What is the highest common factor of d and 20?
10
Suppose 3*f + 50 = 2*p, 5*p = 16*f - 15*f + 112. Let k = -4 + 59. Calculate the highest common factor of p and k.
11
Suppose -9*c = -20*c + 2563. Let s = 301 - c. What is the greatest common divisor of 17 and s?
17
Let z be (-6)/(-72)*-4*315. Let d(n) = n**3 - 4*n**2 - 4*n. Let k be d(